e factors of 409757.
101, 4057
List the prime factors of 6132550.
2, 5, 122651
List the prime factors of 2579334.
2, 3, 429889
What are the prime factors of 390059?
163, 2393
What are the prime factors of 239737?
239737
What are the prime factors of 476706?
2, 3, 79451
List the prime factors of 5397009.
3, 1799003
List the prime factors of 8197637.
7, 23, 59, 863
List the prime factors of 19496279.
11, 41, 139, 311
List the prime factors of 87413.
61, 1433
What are the prime factors of 390200?
2, 5, 1951
List the prime factors of 2913781.
13, 53, 4229
What are the prime factors of 269199?
3, 7, 4273
What are the prime factors of 726846?
2, 3, 23, 229
List the prime factors of 1482620.
2, 5, 74131
List the prime factors of 25648.
2, 7, 229
What are the prime factors of 132056?
2, 17, 971
What are the prime factors of 497765?
5, 113, 881
What are the prime factors of 15269458?
2, 7634729
List the prime factors of 4665821.
283, 16487
What are the prime factors of 12804448?
2, 109, 3671
What are the prime factors of 537725?
5, 137, 157
What are the prime factors of 1500101?
1500101
List the prime factors of 724210.
2, 5, 72421
What are the prime factors of 12335325?
3, 5, 164471
What are the prime factors of 3701035?
5, 13, 97, 587
List the prime factors of 1244355.
3, 5, 7, 1693
What are the prime factors of 4299653?
4299653
What are the prime factors of 1421937?
3, 11, 53, 271
What are the prime factors of 2633608?
2, 329201
List the prime factors of 132632.
2, 59, 281
What are the prime factors of 17741339?
7, 11, 113, 2039
What are the prime factors of 53715?
3, 5, 3581
List the prime factors of 971409.
3, 323803
What are the prime factors of 4937765?
5, 7, 141079
List the prime factors of 467335.
5, 11, 29, 293
What are the prime factors of 30272?
2, 11, 43
List the prime factors of 137293.
13, 59, 179
List the prime factors of 3021452.
2, 7, 29, 61
List the prime factors of 299443.
251, 1193
List the prime factors of 675217.
97, 6961
List the prime factors of 613572.
2, 3, 51131
List the prime factors of 14053594.
2, 17, 107, 3863
What are the prime factors of 402248?
2, 7, 11, 653
What are the prime factors of 604653?
3, 7, 28793
What are the prime factors of 659943?
3, 73327
What are the prime factors of 1256624?
2, 78539
List the prime factors of 10143810.
2, 3, 5, 41, 2749
List the prime factors of 205901.
109, 1889
List the prime factors of 1615342.
2, 19, 42509
What are the prime factors of 276685?
5, 55337
List the prime factors of 21973901.
23, 59, 16193
What are the prime factors of 6431464?
2, 13, 67, 71
List the prime factors of 857341.
857341
What are the prime factors of 60750?
2, 3, 5
What are the prime factors of 113414?
2, 7, 8101
List the prime factors of 4961834.
2, 2480917
What are the prime factors of 2572916?
2, 17, 157, 241
List the prime factors of 921142.
2, 460571
List the prime factors of 804800.
2, 5, 503
What are the prime factors of 1737369?
3, 89, 241
What are the prime factors of 2934911?
7, 19, 22067
List the prime factors of 5633778.
2, 3, 938963
What are the prime factors of 143520?
2, 3, 5, 13, 23
What are the prime factors of 45657?
3, 19, 89
List the prime factors of 1666894.
2, 263, 3169
List the prime factors of 36864.
2, 3
What are the prime factors of 1498272?
2, 3, 15607
List the prime factors of 92234.
2, 107, 431
What are the prime factors of 1242364?
2, 310591
What are the prime factors of 947016?
2, 3, 7, 1879
What are the prime factors of 300838?
2, 349, 431
List the prime factors of 1191950.
2, 5, 31, 769
List the prime factors of 353412.
2, 3, 9817
What are the prime factors of 155611?
61, 2551
List the prime factors of 15230119.
15230119
List the prime factors of 584888.
2, 113, 647
List the prime factors of 242401.
223, 1087
What are the prime factors of 6210590?
2, 5, 621059
List the prime factors of 366234.
2, 3, 11, 31, 179
What are the prime factors of 18047427?
3, 1201, 5009
What are the prime factors of 12297161?
19, 647219
What are the prime factors of 3227553?
3, 7, 17077
List the prime factors of 1176657.
3, 23, 17053
List the prime factors of 899771.
347, 2593
List the prime factors of 912208.
2, 11, 71, 73
List the prime factors of 287005.
5, 61, 941
List the prime factors of 2559045.
3, 5, 170603
List the prime factors of 4137898.
2, 2068949
List the prime factors of 3916956.
2, 3, 43, 7591
What are the prime factors of 5546109?
3, 1109, 1667
What are the prime factors of 6377270?
2, 5, 637727
List the prime factors of 26798743.
571, 46933
What are the prime factors of 2262788?
2, 11, 51427
List the prime factors of 2976486.
2, 3, 431, 1151
List the prime factors of 920202.
2, 3, 103, 1489
What are the prime factors of 6399?
3, 79
What are the prime factors of 1464073?
13, 112621
What are the prime factors of 1425705?
3, 5, 17, 5591
List the prime factors of 6267948.
2, 3, 19, 37, 743
List the prime factors of 4728547.
23, 205589
What are the prime factors of 213174?
2, 3, 13, 911
What are the prime factors of 4578?
2, 3, 7, 109
List the prime factors of 994003.
47, 21149
List the prime factors of 392996.
2, 19, 5171
List the prime factors of 622632.
2, 3, 25943
List the prime factors of 1968857.
11, 178987
What are the prime factors of 254395?
5, 83, 613
List the prime factors of 9286503.
3, 23, 134587
What are the prime factors of 3308816?
2, 7, 31, 953
What are the prime factors of 309702?
2, 3, 71, 727
What are the prime factors of 2533495?
5, 506699
List the prime factors of 1942416.
2, 3, 7, 41, 47
List the prime factors of 22522721.
13, 53, 97, 337
What are the prime factors of 14318797?
251, 57047
What are the prime factors of 286623?
3, 31847
What are the prime factors of 11022870?
2, 3, 5, 79, 4651
What are the prime factors of 422454?
2, 3, 181, 389
What are the prime factors of 1720851?
3, 11, 52147
List the prime factors of 416356.
2, 104089
List the prime factors of 334762.
2, 167381
List the prime factors of 576023.
7, 19, 61, 71
List the prime factors of 9051033.
3, 89, 109, 311
List the prime factors of 6276035.
5, 29, 43283
What are the prime factors of 612662?
2, 306331
List the prime factors of 15030045.
3, 5, 19, 17579
What are the prime factors of 936006?
2, 3, 73, 2137
What are the prime factors of 106813?
7, 15259
List the prime factors of 99857.
61, 1637
List the prime factors of 4562388.
2, 3, 126733
List the prime factors of 32164850.
2, 5, 17, 79, 479
What are the prime factors of 268649?
233, 1153
What are the prime factors of 42249?
3, 14083
What are the prime factors of 26270097?
3, 7, 67, 18671
What are the prime factors of 298871?
31, 311
List the prime factors of 351027.
3, 13001
List the prime factors of 17790267.
3, 11, 49009
What are the prime factors of 214259?
214259
What are the prime factors of 1428975?
3, 5, 29, 73
List the prime factors of 1651725.
3, 5, 2447
List the prime factors of 15970413.
3, 5323471
What are the prime factors of 304345?
5, 60869
What are the prime factors of 2273898?
2, 3, 11, 131, 263
What are the prime factors of 8051918?
2, 7, 575137
List the prime factors of 1502764.
2, 43, 8737
What are the prime factors of 313051?
367, 853
What are the prime factors of 1006531?
1006531
List the prime factors of 2022255.
3, 5, 44939
What are the prime factors of 27764339?
19, 29, 41, 1229
What are the prime factors of 3270322?
2, 11, 43, 3457
What are the prime factors of 4379647?
97, 163, 277
What are the prime factors of 94360?
2, 5, 7, 337
List the prime factors of 965297.
443, 2179
What are the prime factors of 1041710?
2, 5, 73, 1427
List the prime factors of 51856.
2, 7, 463
List the prime factors of 4310558.
2, 7, 47, 6551
List the prime factors of 1012133.
1012133
What are the prime factors of 149640?
2, 3, 5, 29, 43
What are the prime factors of 445258?
2, 11, 37, 547
What are the prime factors of 1074148?
2, 268537
What are the prime factors of 660041?
19, 34739
List the prime factors of 212500.
2, 5, 17
What are the prime factors of 11851528?
2, 13, 113957
What are the prime factors of 214026?
2, 3, 35671
What are the prime factors of 1092005?
5, 218401
List the prime factors of 37974.
2, 3, 6329
What are the prime factors of 211905?
3, 5, 17, 277
What are the prime factors of 202695?
3, 5, 13513
What are the p